remainder when 339 is divided by 38?
35
Calculate the remainder when 355 is divided by 188.
167
What is the remainder when 9740 is divided by 17?
16
Calculate the remainder when 871 is divided by 39.
13
Calculate the remainder when 1178 is divided by 150.
128
Calculate the remainder when 583 is divided by 66.
55
What is the remainder when 226 is divided by 76?
74
Calculate the remainder when 520 is divided by 251.
18
Calculate the remainder when 224 is divided by 21.
14
What is the remainder when 118 is divided by 37?
7
Calculate the remainder when 23 is divided by 6.
5
What is the remainder when 64 is divided by 7?
1
What is the remainder when 1261 is divided by 11?
7
What is the remainder when 63 is divided by 32?
31
What is the remainder when 35 is divided by 13?
9
Calculate the remainder when 358 is divided by 36.
34
What is the remainder when 601 is divided by 200?
1
Calculate the remainder when 298 is divided by 147.
4
Calculate the remainder when 344 is divided by 89.
77
Calculate the remainder when 4940 is divided by 215.
210
Calculate the remainder when 587 is divided by 142.
19
What is the remainder when 62 is divided by 42?
20
What is the remainder when 400 is divided by 18?
4
What is the remainder when 82 is divided by 64?
18
Calculate the remainder when 826 is divided by 69.
67
Calculate the remainder when 916 is divided by 46.
42
Calculate the remainder when 198 is divided by 184.
14
Calculate the remainder when 2193 is divided by 36.
33
What is the remainder when 2637 is divided by 132?
129
What is the remainder when 161 is divided by 41?
38
Calculate the remainder when 258 is divided by 79.
21
Calculate the remainder when 161 is divided by 61.
39
Calculate the remainder when 189 is divided by 60.
9
What is the remainder when 682 is divided by 18?
16
What is the remainder when 658 is divided by 175?
133
Calculate the remainder when 222 is divided by 122.
100
What is the remainder when 2098 is divided by 60?
58
Calculate the remainder when 1280 is divided by 622.
36
What is the remainder when 546 is divided by 114?
90
What is the remainder when 1511 is divided by 54?
53
Calculate the remainder when 216 is divided by 37.
31
Calculate the remainder when 779 is divided by 65.
64
What is the remainder when 26 is divided by 2?
0
Calculate the remainder when 824 is divided by 18.
14
Calculate the remainder when 8660 is divided by 24.
20
What is the remainder when 146 is divided by 53?
40
Calculate the remainder when 1333 is divided by 104.
85
Calculate the remainder when 49 is divided by 38.
11
What is the remainder when 31 is divided by 1?
0
Calculate the remainder when 462 is divided by 166.
130
Calculate the remainder when 296 is divided by 23.
20
Calculate the remainder when 531 is divided by 76.
75
Calculate the remainder when 193 is divided by 97.
96
What is the remainder when 612 is divided by 118?
22
What is the remainder when 339 is divided by 337?
2
What is the remainder when 6731 is divided by 22?
21
What is the remainder when 155 is divided by 20?
15
What is the remainder when 978 is divided by 259?
201
Calculate the remainder when 4579 is divided by 79.
76
Calculate the remainder when 1239 is divided by 156.
147
Calculate the remainder when 2434 is divided by 42.
40
Calculate the remainder when 917 is divided by 26.
7
What is the remainder when 47 is divided by 18?
11
Calculate the remainder when 205 is divided by 23.
21
Calculate the remainder when 351 is divided by 71.
67
What is the remainder when 255 is divided by 21?
3
What is the remainder when 1060 is divided by 19?
15
What is the remainder when 412 is divided by 20?
12
Calculate the remainder when 194 is divided by 35.
19
Calculate the remainder when 164 is divided by 15.
14
Calculate the remainder when 16 is divided by 2.
0
What is the remainder when 3742 is divided by 36?
34
Calculate the remainder when 4680 is divided by 223.
220
What is the remainder when 36 is divided by 22?
14
Calculate the remainder when 970 is divided by 36.
34
Calculate the remainder when 173 is divided by 55.
8
What is the remainder when 573 is divided by 108?
33
Calculate the remainder when 3699 is divided by 50.
49
What is the remainder when 898 is divided by 296?
10
What is the remainder when 5722 is divided by 54?
52
Calculate the remainder when 3887 is divided by 18.
17
What is the remainder when 429 is divided by 18?
15
What is the remainder when 1013 is divided by 237?
65
What is the remainder when 235 is divided by 73?
16
What is the remainder when 1393 is divided by 339?
37
Calculate the remainder when 652 is divided by 78.
28
What is the remainder when 216 is divided by 51?
12
Calculate the remainder when 113 is divided by 15.
8
Calculate the remainder when 169 is divided by 69.
31
Calculate the remainder when 125 is divided by 19.
11
What is the remainder when 241 is divided by 25?
16
Calculate the remainder when 394 is divided by 79.
78
What is the remainder when 195 is divided by 36?
15
What is the remainder when 387 is divided by 65?
62
Calculate the remainder when 184 is divided by 32.
24
Calculate the remainder when 8968 is divided by 230.
228
Calculate the remainder when 140 is divided by 47.
46
What is the remainder when 2061 is divided by 94?
87
What is the remainder when 198 is divided by 129?
69
Calculate the remainder when 451 is divided by 160.
131
What is the remainder when 501 is divided by 38?
7
Calculate the remainder when 276 is divided by 137.
2
What is the remainder when 136 is divided by 38?
22
What is the remainder when 245 is divided by 19?
17
Calculate the remainder when 950 is divided by 160.
150
What is the remainder when 1214 is divided by 168?
38
Calculate the remainder when 1998 is divided by 5.
3
Calculate the remainder when 433 is divided by 417.
16
What is the remainder when 4180 is divided by 17?
15
What is the remainder when 1077 is divided by 90?
87
What is the remainder when 55 is divided by 6?
1
Calculate the remainder when 284 is divided by 15.
14
Calculate the remainder when 389 is divided by 230.
159
Calculate the remainder when 2678 is divided by 44.
38
Calculate the remainder when 1169 is divided by 37.
22
Calculate the remainder when 1017 is divided by 27.
18
What is the remainder when 335 is divided by 5?
0
Calculate the remainder when 111 is divided by 14.
13
What is the remainder when 4177 is divided by 38?
35
Calculate the remainder when 4950 is divided by 39.
36
Calculate the remainder when 3304 is divided by 38.
36
Calculate the remainder when 328 is divided by 44.
20
Calculate the remainder when 759 is divided by 189.
3
What is the remainder when 358 is divided by 60?
58
Calculate the remainder when 951 is divided by 53.
50
Calculate the remainder when 12362 is divided by 10.
2
Calculate the remainder when 79 is divided by 21.
16
What is the remainder when 533 is divided by 83?
35
Calculate the remainder when 134 is divided by 70.
64
Calculate the remainder when 2110 is divided by 32.
30
What is the remainder when 3899 is divided by 5?
4
What is the remainder when 581 is divided by 4?
1
Calculate the remainder when 570 is divided by 72.
66
Calculate the remainder when 120 is divided by 46.
28
Calculate the remainder when 226 is divided by 93.
40
Calculate the remainder when 178 is divided by 50.
28
What is the remainder when 554 is divided by 268?
18
Calculate the remainder when 140 is divided by 16.
12
What is the remainder when 7053 is divided by 112?
109
Calculate the remainder when 506 is divided by 4.
2
What is the remainder when 45 is divided by 16?
13
Calculate the remainder when 361 is divided by 13.
10
Calculate the remainder when 197 is divided by 22.
21
What is the remainder when 1492 is divided by 487?
31
Calculate the remainder when 1496 is divided by 107.
105
Calculate the remainder when 6477 is divided by 180.
177
Calculate the remainder when 161 is divided by 21.
14
Calculate the remainder when 1704 is divided by 122.
118
Calculate the remainder when 5212 is divided by 17.
10
Calculate the remainder when 114 is divided by 40.
34
Calculate the remainder when 3191 is divided by 154.
111
Calculate the remainder when 439 is divided by 44.
43
Calculate the remainder when 1697 is divided by 27.
23
What is the remai